 s?
6
Let n = -20 - -20. Suppose -5*d - x + 128 = n, d + 5*x = x + 18. What is the units digit of d?
6
Suppose -p = -5, -3*m = -3*p - p + 8. Let h be (11 - -1)/(m/14). Suppose h = 3*r - 0*r. What is the tens digit of r?
1
Suppose -2*k + 10 = 3*k. Suppose 4*q + 25 = r, -k*r + 3*q = -2*q - 44. What is the units digit of r?
7
Suppose -5*u - 2*r + 684 = 0, 0*u = 5*u - r - 678. What is the hundreds digit of u?
1
Suppose 5*t - 7 = 53. Suppose -5*l - 4 = 36. Let z = t + l. What is the units digit of z?
4
Let m(y) = y**3 + 6*y**2 - 3*y + 3. Let w be m(-6). Let j be 141/w + 2/7. Suppose j*l = 2*l + 70. What is the tens digit of l?
1
Let k = -36 - -42. What is the units digit of k?
6
Let f(y) = y**2 + 2*y - 11. What is the units digit of f(5)?
4
Let r(p) = p - 4. Let g be r(7). Suppose -16 = g*x - 46. What is the tens digit of x?
1
Let o = 91 - 64. What is the tens digit of o?
2
Let q(x) = -x + 4. Let y be q(4). Suppose y = 5*i + 20, 3*i + 1 = 3*t + 5*i. What is the units digit of t?
3
Let r = -2 + 4. Suppose 3*m = r*m. Let g = 1 - m. What is the units digit of g?
1
Suppose 4 = 2*l - 6. Suppose -l*u + 5 = -0*u. What is the units digit of u?
1
Let j = 402 + -191. What is the hundreds digit of j?
2
Let l = 20 - -24. Suppose 6*k - l = 2*k. Suppose 3*w + 17 = -0*n + n, -w = -3*n + k. What is the units digit of n?
2
Suppose 2*q = 7 + 41. Suppose q = i - 3*b + 4*b, 0 = -5*i - 3*b + 126. What is the tens digit of i?
2
Suppose 3*q = -3, 5 = 4*n - 5*q - 0*q. Suppose n*x + 3 = x. Suppose 5 = t - x. What is the units digit of t?
8
Suppose -37*r + 42*r - 2120 = 0. What is the units digit of r?
4
Let r be ((-28)/(-35))/(4/70). Suppose -2*f = 3*w + 1 - 2, 3*f + 2*w = r. Let u = 11 - f. What is the units digit of u?
3
Let f(x) = -2*x - 1. Let z be f(6). Let l = z + 29. What is the tens digit of l?
1
Suppose -n = 3*h, -4*h - 7 + 18 = 5*n. What is the tens digit of n/15 - 49/(-5)?
1
Let z be (-28 + 1)/((-1)/(-3)). Let g = -48 - z. What is the units digit of g?
3
Let z(j) = -j**2 - 16*j + 1. Let a(k) = -2*k + 7. Let n be a(6). What is the units digit of z(n)?
6
Let a be (-10)/(-8) + 1/(-4). What is the tens digit of 1/a - (-10 + 1)?
1
Suppose -2*g + 682 = 4*o, -58 + 233 = o + 2*g. What is the units digit of o?
9
Let c = 28 + -5. What is the tens digit of c?
2
Let a(q) = q**2 - 2*q + 11. What is the units digit of a(-6)?
9
Let o(q) = q**3 - 7*q**2 + 3*q + 7. Let b(x) = x**2 + 2*x + 7. Let d be b(0). What is the tens digit of o(d)?
2
Let c = 15 - 11. Let y = c - -3. What is the units digit of y?
7
Let g(c) = -c**3 - c**2 + c + 1. Let w be g(-2). Suppose 0 = -w*a + 29 + 52. What is the units digit of a?
7
Let g = -13 + 16. Suppose g*d - 2*b = 6, -d + 4*b = -3*d + 20. What is the units digit of d?
4
Suppose 12 = 3*c, -t + 14 = 2*c - 37. Suppose t = 5*p + 4*n - 37, -11 = -3*p + 5*n. What is the tens digit of p?
1
Let m(n) = -1 + 0 + 3 - n - 4*n**2 - 2*n**3. What is the units digit of m(-2)?
4
Let a be (9/(-2))/((-7)/70). Suppose 2*f - a = -3*m, 3*f + 15 = m + 5*f. What is the tens digit of m?
1
Let r = 4 - 2. Suppose r*m - 72 = -2*m. What is the tens digit of m?
1
Let v(g) = g + 1. Let r be (-8)/28 + (-2)/(-7). Let x be v(r). Suppose -3*j = 4*s + 1 - 2, -4*s - x = 5*j. What is the units digit of s?
1
Let l(j) = -4*j - 6. Suppose -u = -2*t + 3*t - 4, -u + 3*t + 4 = 0. Suppose f + 6*v + 11 = u*v, 5*f + 37 = -4*v. What is the tens digit of l(f)?
1
What is the units digit of (-10)/2*7/((-70)/128)?
4
Let v = -19 - -22. Suppose -69 = v*r - 174. What is the tens digit of r?
3
Suppose 5*f + 33 = -32. Let m = f - -36. What is the tens digit of m?
2
Let r = -2 + 6. Let c(u) = -u**3 + 6*u**2 - 5*u + 3. What is the units digit of c(r)?
5
Suppose 114 = -10*b + 11*b. What is the units digit of b?
4
Let v(l) = -l**2 - 6*l + 3. Suppose q + 11 = a + 1, 0 = -3*q - a - 10. What is the units digit of v(q)?
8
Suppose 3*j + 6 = 5*j, -3*j = -4*o + 151. What is the tens digit of o?
4
Let o be (-1 - -4)/((-6)/(-10)). Suppose -s + 3*s + 81 = o*b, 2*b = -3*s + 21. What is the tens digit of 147/b - 2/(-10)?
1
Let h = 428 - 251. Suppose -4*n - 54 = -2*m - n, 0 = 5*m + 3*n - h. What is the tens digit of m?
3
Let n(c) = -27*c**2 - 2*c + 1. Let x be n(-2). Let a = -72 - x. What is the units digit of a?
1
What is the units digit of 26080/72 + (-6)/27?
2
Let d(z) = z**2 + 11*z + 27. What is the tens digit of d(-15)?
8
Let z = 1 - 2. Let a be z*2/4*-30. Suppose -a = -4*s - 3*t, s - 2*t - 15 = -3. What is the units digit of s?
6
Let c(h) = -18*h**2 - 5*h**3 + 17 - 4*h**3 + 10*h**3 - 18*h. What is the tens digit of c(19)?
3
Let s(d) = 11*d + 3. What is the units digit of s(4)?
7
Let t = 4 - 1. Suppose 3*v + 21 = -4*l + 118, -t*v - 101 = -5*l. What is the tens digit of l?
2
Let z be (-2)/(-6) + 384/9. Suppose -z = -2*o - m, 3*m - 4 - 5 = -o. What is the tens digit of o?
2
Suppose 119*r - 123*r = -944. What is the tens digit of r?
3
Let p = 26 + 13. Suppose 4*y - 5*z - p - 22 = 0, -2*y + 26 = -4*z. What is the tens digit of y?
1
Let m = -26 - -129. What is the tens digit of m?
0
Suppose -a = -2*r - 13, 2*r - 1 = -2*a + 1. Suppose -3*g + g + a = -w, g - 3*w = 5. Let i(o) = o**3 + o**2 - 3*o + 3. What is the units digit of i(g)?
9
What is the tens digit of -3 + (0 + 2 - -95)?
9
Let o = 12 + -11. What is the units digit of 20 - o - (-11 - -8)?
2
Let s be (8/14)/(10/35). Suppose o + 14 = s*o. What is the tens digit of o?
1
Suppose 0 = -3*k - 13 - 5. Let m(j) = -j**2 - 8*j - 7. What is the units digit of m(k)?
5
Suppose -52 = 2*u - 6*u. What is the tens digit of u?
1
Let y(z) = -33*z**2 + z. Let i be y(-1). Let s = -13 - i. What is the units digit of s?
1
Let l(v) = v**2 + 6*v + 6. Let h be l(-4). Let j = 5 + h. Suppose -5*q - 5*u + 60 = 0, q + j*u - 12 = -4. What is the tens digit of q?
1
What is the units digit of 3 + (-2 - (-66 + 4))?
3
Let l be 3*1 - 144/8. Let d = l + 30. What is the units digit of d?
5
Let t = -3 - -3. Let d = t - -2. What is the units digit of (5/1)/(d - 1)?
5
Let k be 0 - (2 - 3) - 21. Let x = k + 53. What is the units digit of x?
3
Let w be 2*(-1)/2 + 5. Suppose -3*h - 10 = 6*y - 4*y, -h - w = 0. What is the units digit of y?
1
Suppose 0 = 3*c - 4*i - 107, 2*i + 83 = 2*c - 3*i. What is the tens digit of c?
2
Let m = -12 - -4. Let c = 13 + m. What is the units digit of c?
5
Suppose -2*v + 28 + 6 = 0. What is the tens digit of v?
1
Let n = 1 - -1. Suppose 3 = 3*a, 0 = 5*t - 2*t - n*a - 13. Suppose 4*r + 0*r - t*g - 26 = 0, 28 = 5*r - 4*g. What is the units digit of r?
4
Let u = 2 - 0. What is the units digit of u?
2
Let f(r) = -r**3 + 13*r**2 - 4*r + 4. What is the hundreds digit of f(12)?
1
Let m(b) = -5*b**3 + b**2 - 3*b + 2. Let p be m(2). Let a = p + 72. What is the units digit of a?
2
Suppose 9 = y - 3*r, y - r - 30 = -5*r. Suppose -b = b - 3*l - 32, 4*l - y = -2*b. What is the units digit of b?
3
Suppose 0 = -n - 5*d - 17 + 92, -2*n = -4*d - 94. What is the units digit of n?
5
Let n = -26 + 62. What is the tens digit of n?
3
Let m(d) = -d**2 - 8*d + 3. Let j be m(-8). Suppose -5*q = -j*q - 2. What is the units digit of q?
1
Suppose -3*f + 397 = 100. Suppose 5*r + f = 2*q, 2*q + 5*r - 243 = -2*q. Suppose 4*h - 2*k = q - 7, 5*h = -k + 66. What is the tens digit of h?
1
Let o be 21*(2 - 21/9). Let c = 7 - 10. Let h = c - o. What is the units digit of h?
4
Let g be 0 + -41 + 2/(-1). Let t = 60 + g. What is the units digit of t?
7
Let u = -12 + 56. Suppose 0 = 5*d - 2*j - u + 7, -4*d = -2*j - 28. What is the units digit of d?
9
Let i be (-15)/(-6)*(-12)/(-10). Let s be (0 - (6 + -2)) + -2. What is the units digit of 2 - i - (s + 1)?
4
Let d = 23 - 13. Let f be 64/5 - (-2)/d. Let y = 24 - f. What is the units digit of y?
1
Let g(p) = 87*p + 4. What is the tens digit of g(2)?
7
Suppose 2*p - 16 = -0*p. Let n(u) be the first derivative of -u**4/4 + 7*u**3/3 + 9*u**2/2 - 5*u - 1. What is the units digit of n(p)?
3
Suppose -z - 17 = 20. Let i = -23 - z. What is the units digit of i?
4
Suppose 2*i = 3*i - 5. Let s(g) = g - g**2 + 0*g**2 + 5*g. What is the units digit of s(i)?
5
Suppose 3*d + 5 = -1. Let v be (4 - 0)*(-2)/d. Suppose -12 = v*u - 56. What is the tens digit of u?
1
Let k(o) = -o**2 - 5*o - 1. Let y be k(-4). Suppose y*d = -0*d + 60. What is the units digit of d?
0
Let n(m) be the th